{"id":106,"date":"2017-10-26T12:02:28","date_gmt":"2017-10-26T12:02:28","guid":{"rendered":"http:\/\/sportverband-haan.de\/?page_id=106"},"modified":"2017-10-26T12:27:24","modified_gmt":"2017-10-26T12:27:24","slug":"im-jahr-2012","status":"publish","type":"page","link":"https:\/\/sportverband-haan.de\/?page_id=106","title":{"rendered":"im Jahr 2012"},"content":{"rendered":"<p><img loading=\"lazy\" decoding=\"async\" class=\"alignnone size-medium wp-image-157\" src=\"http:\/\/sportverband-haan.de\/wp-content\/uploads\/2017\/10\/2012-200x300.png\" alt=\"\" width=\"200\" height=\"300\" srcset=\"https:\/\/sportverband-haan.de\/wp-content\/uploads\/2017\/10\/2012-200x300.png 200w, https:\/\/sportverband-haan.de\/wp-content\/uploads\/2017\/10\/2012.png 255w\" sizes=\"auto, (max-width: 200px) 100vw, 200px\" \/><\/p>\n<p><strong><u>Sportler des Jahres im Ehrenamt 2012:<\/u><\/strong><\/p>\n<p><strong>Margret Raddatz (Haaner TV), \u00a0\u00a0\u00a0 \u00a0\u00a0\u00a0\u00a0\u00a0\u00a0\u00a0\u00a0\u00a0\u00a0\u00a0\u00a0\u00a0\u00a0\u00a0\u00a0\u00a0\u00a0\u00a0\u00a0\u00a0\u00a0\u00a0\u00a0\u00a0\u00a0\u00a0<\/strong><\/p>\n<p>33 Jahre Abt.-Leiterin Gymnastik\/Tanz (Rhythm &amp; Dance) im Haaner TV,\u00a0Gymnastik- und Yogalehrerin 37 Jahre im Haaner TV,<\/p>\n<p>12 Jahre Seminarleiterin und Dozentin f\u00fcr die Ausbildung \u00dcbungsleiter-C-Lizenz f\u00fcr den Rheinischen Turnerbund.<\/p>\n","protected":false},"excerpt":{"rendered":"<p>Sportler des Jahres im Ehrenamt 2012: Margret Raddatz (Haaner TV), \u00a0\u00a0\u00a0 \u00a0\u00a0\u00a0\u00a0\u00a0\u00a0\u00a0\u00a0\u00a0\u00a0\u00a0\u00a0\u00a0\u00a0\u00a0\u00a0\u00a0\u00a0\u00a0\u00a0\u00a0\u00a0\u00a0\u00a0\u00a0\u00a0\u00a0 33 Jahre Abt.-Leiterin Gymnastik\/Tanz (Rhythm &amp; Dance) im Haaner TV,\u00a0Gymnastik- und Yogalehrerin 37 Jahre im Haaner TV, 12 Jahre Seminarleiterin und Dozentin f\u00fcr die Ausbildung \u00dcbungsleiter-C-Lizenz f\u00fcr den Rheinischen Turnerbund.<\/p>\n","protected":false},"author":1,"featured_media":0,"parent":0,"menu_order":0,"comment_status":"closed","ping_status":"closed","template":"","meta":{"footnotes":""},"class_list":["post-106","page","type-page","status-publish","hentry"],"_links":{"self":[{"href":"https:\/\/sportverband-haan.de\/index.php?rest_route=\/wp\/v2\/pages\/106","targetHints":{"allow":["GET"]}}],"collection":[{"href":"https:\/\/sportverband-haan.de\/index.php?rest_route=\/wp\/v2\/pages"}],"about":[{"href":"https:\/\/sportverband-haan.de\/index.php?rest_route=\/wp\/v2\/types\/page"}],"author":[{"embeddable":true,"href":"https:\/\/sportverband-haan.de\/index.php?rest_route=\/wp\/v2\/users\/1"}],"replies":[{"embeddable":true,"href":"https:\/\/sportverband-haan.de\/index.php?rest_route=%2Fwp%2Fv2%2Fcomments&post=106"}],"version-history":[{"count":2,"href":"https:\/\/sportverband-haan.de\/index.php?rest_route=\/wp\/v2\/pages\/106\/revisions"}],"predecessor-version":[{"id":158,"href":"https:\/\/sportverband-haan.de\/index.php?rest_route=\/wp\/v2\/pages\/106\/revisions\/158"}],"wp:attachment":[{"href":"https:\/\/sportverband-haan.de\/index.php?rest_route=%2Fwp%2Fv2%2Fmedia&parent=106"}],"curies":[{"name":"wp","href":"https:\/\/api.w.org\/{rel}","templated":true}]}}